{"id":30,"date":"2019-04-26T14:30:47","date_gmt":"2019-04-26T14:30:47","guid":{"rendered":"http:\/\/msschmid.de\/?page_id=30"},"modified":"2019-08-18T19:16:22","modified_gmt":"2019-08-18T19:16:22","slug":"impressum","status":"publish","type":"page","link":"https:\/\/msschmid.de\/?page_id=30","title":{"rendered":"Impressum"},"content":{"rendered":"\n<div class=\"wp-block-image\"><figure class=\"alignleft is-resized\"><img loading=\"lazy\" decoding=\"async\" src=\"http:\/\/msschmid.de\/wp-content\/uploads\/2019\/06\/image001.jpg\" alt=\"\" class=\"wp-image-64\" width=\"175\" height=\"131\" srcset=\"https:\/\/msschmid.de\/wp-content\/uploads\/2019\/06\/image001.jpg 472w, https:\/\/msschmid.de\/wp-content\/uploads\/2019\/06\/image001-300x225.jpg 300w\" sizes=\"(max-width: 175px) 100vw, 175px\" \/><\/figure><\/div>\n\n\n\n<p class=\"has-medium-font-size\"><strong>MS Elektropr\u00fcfservice <\/strong><\/p>\n\n\n\n<p class=\"has-medium-font-size\"><strong>Manfred Schmid<\/strong> <\/p>\n\n\n\n<p><strong>Pr\u00fcfung ortsver\u00e4nderlicher <br>elektrischer Ger\u00e4te  <\/strong><br>nach DGUV 3 \/ DIN VDE 0701-0702<\/p>\n\n\n\n<p><\/p>\n\n\n\n<p>Schaf\u00e4ckerweg 3<br>71134 Aidlingen<\/p>\n\n\n\n<p>07056 772380 <\/p>\n\n\n\n<p>0177 8813986 <\/p>\n\n\n\n<p>info@msschmid.de <\/p>\n\n\n\n<p>www.msschmid.de <\/p>\n\n\n\n<p>&nbsp;&nbsp;&nbsp;&nbsp;&nbsp;&nbsp;&nbsp;&nbsp;&nbsp; <\/p>\n\n\n\n<p>USt-ID: DE325046205<\/p>\n\n\n\n<p>&nbsp;&nbsp;&nbsp;&nbsp;&nbsp;&nbsp;&nbsp;&nbsp; <\/p>\n\n\n\n<p>&nbsp;&nbsp;&nbsp;&nbsp;&nbsp;&nbsp; <\/p>\n\n\n\n<p>&nbsp;&nbsp;&nbsp;&nbsp;&nbsp;&nbsp;&nbsp;&nbsp;&nbsp; <\/p>\n\n\n\n<p>&nbsp;&nbsp;&nbsp;&nbsp;&nbsp;&nbsp;&nbsp;&nbsp;&nbsp;&nbsp;&nbsp; <\/p>\n\n\n\n<p>&nbsp;&nbsp;&nbsp;&nbsp;&nbsp;&nbsp;&nbsp;&nbsp;&nbsp;&nbsp;&nbsp;&nbsp;&nbsp;&nbsp;&nbsp;&nbsp; <\/p>\n\n\n\n<p>&nbsp;&nbsp;&nbsp;&nbsp;&nbsp;&nbsp; <\/p>\n\n\n\n<p>&nbsp;&nbsp;&nbsp;&nbsp;&nbsp;&nbsp;&nbsp;&nbsp;&nbsp;&nbsp; <\/p>\n\n\n\n<p class=\"has-small-font-size\">Die Ver\u00f6ffentlichung des Fotos auf der Startseite (Pr\u00fcfger\u00e4t) erfolgt mit freundlicher Genehmigung der Firma GMC-I Messtechnik GmbH, 90327 N\u00fcrnberg.<\/p>\n","protected":false},"excerpt":{"rendered":"<p>MS Elektropr\u00fcfservice Manfred Schmid Pr\u00fcfung ortsver\u00e4nderlicher elektrischer Ger\u00e4te nach DGUV 3 \/ DIN VDE 0701-0702 Schaf\u00e4ckerweg 371134 Aidlingen 07056 772380 0177 8813986 info@msschmid.de www.msschmid.de &nbsp;&nbsp;&nbsp;&nbsp;&nbsp;&nbsp;&nbsp;&nbsp;&nbsp; USt-ID: DE325046205 &nbsp;&nbsp;&nbsp;&nbsp;&nbsp;&nbsp;&nbsp;&nbsp; &nbsp;&nbsp;&nbsp;&nbsp;&nbsp;&nbsp; &nbsp;&nbsp;&nbsp;&nbsp;&nbsp;&nbsp;&nbsp;&nbsp;&nbsp; &nbsp;&nbsp;&nbsp;&nbsp;&nbsp;&nbsp;&nbsp;&nbsp;&nbsp;&nbsp;&nbsp; &nbsp;&nbsp;&nbsp;&nbsp;&nbsp;&nbsp;&nbsp;&nbsp;&nbsp;&nbsp;&nbsp;&nbsp;&nbsp;&nbsp;&nbsp;&nbsp; &nbsp;&nbsp;&nbsp;&nbsp;&nbsp;&nbsp; &nbsp;&nbsp;&nbsp;&nbsp;&nbsp;&nbsp;&nbsp;&nbsp;&nbsp;&nbsp; Die Ver\u00f6ffentlichung des Fotos auf der Startseite (Pr\u00fcfger\u00e4t) erfolgt mit freundlicher Genehmigung der Firma GMC-I Messtechnik GmbH, 90327 N\u00fcrnberg.<\/p>\n","protected":false},"author":1,"featured_media":0,"parent":0,"menu_order":0,"comment_status":"closed","ping_status":"closed","template":"","meta":{"footnotes":""},"class_list":["post-30","page","type-page","status-publish","hentry"],"_links":{"self":[{"href":"https:\/\/msschmid.de\/index.php?rest_route=\/wp\/v2\/pages\/30"}],"collection":[{"href":"https:\/\/msschmid.de\/index.php?rest_route=\/wp\/v2\/pages"}],"about":[{"href":"https:\/\/msschmid.de\/index.php?rest_route=\/wp\/v2\/types\/page"}],"author":[{"embeddable":true,"href":"https:\/\/msschmid.de\/index.php?rest_route=\/wp\/v2\/users\/1"}],"replies":[{"embeddable":true,"href":"https:\/\/msschmid.de\/index.php?rest_route=%2Fwp%2Fv2%2Fcomments&post=30"}],"version-history":[{"count":36,"href":"https:\/\/msschmid.de\/index.php?rest_route=\/wp\/v2\/pages\/30\/revisions"}],"predecessor-version":[{"id":276,"href":"https:\/\/msschmid.de\/index.php?rest_route=\/wp\/v2\/pages\/30\/revisions\/276"}],"wp:attachment":[{"href":"https:\/\/msschmid.de\/index.php?rest_route=%2Fwp%2Fv2%2Fmedia&parent=30"}],"curies":[{"name":"wp","href":"https:\/\/api.w.org\/{rel}","templated":true}]}}